ctor of k and 361?
19
Suppose -5 = 7*j - 75. Suppose 5*o + 0*b = 4*b + 200, -5*o - 4*b + 200 = 0. Calculate the highest common factor of j and o.
10
Suppose -140 = -4*d - 4*r, -d = -3*d + 4*r + 70. What is the highest common divisor of 385 and d?
35
Let m be -41961*(-2)/22 - (-716)/1969. Calculate the greatest common divisor of m and 35.
35
Let u(l) be the first derivative of l**3 + 6*l**2 - 30*l - 31. Let p be u(6). Calculate the highest common divisor of p and 30.
30
Let h(y) be the second derivative of y**5/20 + y**4 - 13*y**3/6 + 3*y**2/2 + 5*y. Let o be h(-13). What is the highest common divisor of o and 27?
3
Let y = -294 + 308. What is the greatest common divisor of 4 and y?
2
Suppose -4*c = -219 - 117. Suppose 108 = 3*p - p - 4*n, -4*n = 2*p - c. Calculate the highest common divisor of 6 and p.
6
Let j = -47 + 45. Let q be (1/(-3))/(-2*j/(-660)). Calculate the highest common divisor of 5 and q.
5
Let j be ((-24)/9)/((-1)/18). What is the greatest common factor of j and 18?
6
Let y be (-2)/(28/(-1575))*(-1 + 3). What is the highest common factor of y and 45?
45
Suppose -16*u - 16 = -20*u. Suppose u*c - 8*c + 32 = 0. Suppose -c*z + 179 + 101 = 0. Calculate the greatest common factor of z and 7.
7
Let h(k) = -k**3 - 9*k**2 - 16*k - 5. Let i be h(-7). Let p be (i + -1)/(-3 - (-13)/4). What is the greatest common factor of p and 24?
8
Let a be (13/4)/(5951/660 - 9). Calculate the greatest common factor of 312 and a.
39
Suppose z - 2*r = 202, -84 = -4*z - 2*r + 754. Calculate the highest common factor of 160 and z.
16
Let l = 18 + -13. Suppose -2*m - 154 = 2*d, -160 - 61 = 3*d + m. Let g = d + 117. What is the greatest common factor of l and g?
5
Suppose -m = m - 48. Let n be 0 - -26 - -3*12/(-18). What is the greatest common divisor of n and m?
24
Suppose 0 = 8*u - 35 - 381. What is the greatest common factor of u and 1612?
52
Let w = -902 - -1150. What is the greatest common factor of 93 and w?
31
Suppose -3*o + 33 = -0*o. Suppose 42 = 2*m + 4*x, 14*m - x + 38 = 17*m. Calculate the highest common divisor of o and m.
11
Suppose 0 = 3*q - m - 1379, -m = m + 4. What is the greatest common divisor of q and 27?
27
Suppose 5*h + 5*b = 20, h + 5*b - 8 = -h. Calculate the greatest common factor of 92 and h.
4
Let j be (10/4)/((-5)/(-30)). Let h = j - 5. Let g = 74 + 6. What is the greatest common divisor of h and g?
10
Suppose 2*x = -3*d + 10, -4*x - 10 = -9*x. What is the greatest common divisor of 46 and d?
2
Let p be (-35)/(-2)*320/50. Let o(n) = 6*n - 236. Let f be o(42). What is the highest common divisor of p and f?
16
Suppose 5*x - u = 14, 3*x = -2*x - 5*u - 10. Suppose 2*j + 14 = y, 0 = 3*y + 4*j - x - 10. Let n = y - 4. Calculate the greatest common factor of n and 8.
4
Let l = -4 + 0. Let k(s) = s - s + 51 - 54 - s. Let n be k(l). Calculate the greatest common factor of n and 1.
1
Let h(p) = p**3 - 18*p**2 - 16*p - 40. Let m be h(19). Suppose -3*z + s = -0*z - 457, -4*z + 5*s = -602. Calculate the highest common divisor of z and m.
17
Suppose -18 = -0*g - 3*g. Let p be 176*(2 - g/4). Suppose -63*x + 71*x = 64. What is the greatest common divisor of x and p?
8
Suppose 0 = 3*i + b - 20, 2*i - 6*i + b + 15 = 0. Suppose -426 = -i*m + 14. Let n be (1*-1)/(5 + 123/(-24)). Calculate the greatest common divisor of n and m.
8
Let s = 45 + -27. Let i = 71 + -26. Calculate the highest common factor of i and s.
9
Suppose -5*y - 3*i + 8659 - 2409 = 0, -i + 2500 = 2*y. What is the highest common divisor of y and 10?
10
Suppose -14 = -17*m - 65. Let o(w) = -47*w + 13. Let x be o(m). What is the greatest common factor of x and 14?
14
Let y(z) = z**2 - 7*z + 7. Let k be y(6). Suppose 5*t + 2 - 27 = 0. Suppose t*h = p + 24, -3*p - h = -7 - 1. Calculate the highest common divisor of p and k.
1
Let a = 45 + -20. Let h = a + -42. Let b = 89 + h. What is the highest common divisor of b and 180?
36
Let g = -1538 + 1946. Calculate the highest common divisor of 153 and g.
51
Suppose 0*g + g = -34. Let k = g + 40. Calculate the greatest common factor of k and 30.
6
Suppose -6*i - 11*i = -31416. Suppose -i = 42*m - 49*m. Calculate the highest common divisor of m and 24.
24
Let a(p) be the third derivative of p**5/15 + p**4/6 + p**3/2 - 3*p**2. Let i be a(-2). Let u = -193 + 248. Calculate the greatest common factor of u and i.
11
Let c(s) = 200*s + 20. Let y be c(4). Calculate the highest common divisor of y and 20.
20
Let x be (-75)/(-10)*6/5. Let k(d) = d**3 + 17*d**2 + 20*d - 6. Let g be k(-15). What is the greatest common divisor of g and x?
9
Let f(b) be the first derivative of b**3/3 - 2*b**2 - 10*b - 13. Let q be f(8). What is the greatest common divisor of 22 and q?
22
Let j be ((-7)/5*-3)/(363/1210). Let a be -82*2/(-4) + 1. What is the greatest common factor of a and j?
14
Let l be (-1948)/(-22) + (-42)/77. Let w be ((-10)/4)/5*0. Suppose 0 = -w*k - 3*k + 3*o + 57, -k + 2*o = -16. Calculate the highest common divisor of l and k.
22
Suppose h - 40 = -3*v, 0 = 5*v + 2*h + 16 - 81. Suppose -p - b - 21 = -5, -5*b = v. Let t = 2 - p. Calculate the greatest common factor of 15 and t.
15
Let g(z) = -26*z + 116. Let c be g(4). What is the highest common divisor of c and 36?
12
Let a = 18 - -6. Let s(u) = -u**3 - 5*u**2 - u + 16. Let t be s(-8). What is the greatest common divisor of t and a?
24
Let c(n) = -n**3 + n - 1. Let j(d) = -5*d**3 + d**2 + 9*d - 24. Let x(u) = 4*c(u) - j(u). Let p be x(6). What is the highest common divisor of 17 and p?
17
Suppose -2*g + 2 = -6. Let i(u) = 4*u**2 - 13*u - 4. Let f be i(g). Calculate the greatest common divisor of f and 88.
8
Suppose 114 = v - 97. Suppose -v + 1091 = 5*r. What is the greatest common factor of 16 and r?
16
Let a(n) = n**3 - n**2 - 2*n + 22. Let b be a(0). Let j = 37 - b. What is the highest common divisor of 165 and j?
15
Suppose 3 + 19 = 2*i. Calculate the greatest common divisor of 22 and i.
11
Suppose -8*s + 2727 = 3*j - 9*s, -1817 = -2*j + s. What is the greatest common divisor of 28 and j?
14
Let m = -86 - -88. Let v be ((-15)/(-10))/((-9)/48). Let y(r) = r + 9. Let z be y(v). What is the highest common factor of m and z?
1
Let t be 926/13 - 336/1456. What is the greatest common factor of 4331 and t?
71
Let o be (13/(-2) - -2)*9360/(-54). Calculate the greatest common factor of o and 24.
12
Suppose -100 = -2*j + f, -f + 315 = j + 268. What is the greatest common divisor of 112 and j?
7
Suppose -f - 5 - 2 = -5*b, 0 = 3*b - 2*f. Suppose -3*j - b = 1. Let q = 11 + j. Calculate the greatest common factor of 40 and q.
10
Let s = 2478 + -1601. Suppose -2*w = -3*l + 6*l - s, 5*l + 885 = 2*w. Calculate the greatest common factor of w and 40.
40
Let x be 64/1*1/12*75. Calculate the greatest common divisor of x and 100.
100
Suppose -3*u + 18 = 3*g, -5*u + 7 = g - 31. What is the highest common divisor of u and 52?
4
Suppose 2*m - 2*o + 37 = 3*m, -o + 2 = 0. Suppose r - 88 = -3*r. Calculate the greatest common factor of r and m.
11
Let y be 64/24 + 2/6. Suppose 2*k - f - 38 = -4*f, -y*k = -5*f - 38. Calculate the highest common divisor of 64 and k.
16
Suppose 6*p - 3*p = 393. Let r be (-3)/(-12) - p/(-4). Let x = -16 - -27. Calculate the greatest common divisor of r and x.
11
Suppose 5*q - 20 = 3*q. Let y be ((-288)/(-20))/(2/q). Let h = y + -49. Calculate the greatest common factor of h and 92.
23
Let z = -6 - -54. Suppose -3*p = -3*d + 66, 0*p = d - 3*p - 18. What is the highest common factor of d and z?
24
Suppose -2*v - 4*p + 5 = -21, -91 = -4*v + 5*p. Let t = -13 + v. What is the highest common factor of 2 and t?
2
Let j(k) = k**3 - 16*k**2 + 42*k - 30. Let y be j(13). What is the greatest common factor of 729 and y?
9
Suppose 3*g = 4*u - 401, -6*u + 2*u - 4*g = -436. Let c be (-34)/((-680)/15) + (49/4 - 0). Calculate the greatest common factor of u and c.
13
Suppose -13*b + 7893 = 93. What is the greatest common divisor of b and 24?
24
Let c be (-18)/(-4)*(240576/36)/14. What is the highest common divisor of 12 and c?
12
Let s(q) = -2*q**3 - 12*q**2 + 10*q - 10. Let c be s(-7). What is the greatest common factor of c and 36?
18
Let x(d) = d**2 + 9*d + 13. Let z be x(-8). Suppose -z*b = -5*r + 510, 5*r + 5*b = 618 - 138. Let w = -14 - -25. What is the highest common divisor of w and r?
11
Suppose 24*z 